
Let f(d) = 27*d - 70. Let o be f(3). Let s = -5 + o. Calculate the remainder when 191 is divided by s.
5
What is the remainder when (2 + 3 + 39/9)/(150/13725) is divided by 33?
29
Suppose 0 = -32*a + 19*a + 390. Suppose -2*l - 24 = -a. Calculate the remainder when 26 is divided by l.
2
Let h = 9202 - 9128. Suppose 26 = 4*d + 2*o + 3*o, 5*d - 4*o = 53. What is the remainder when h is divided by d?
2
Let u = 9 - 6. Suppose 3*h - u*x = 39, 3*h = 4*x - 4 + 46. Let n(z) = z**3 + 2*z**2 + 12*z - 77. What is the remainder when n(4) is divided by h?
7
Suppose 11*u - 13*u - s + 35 = 0, -9*u = -2*s - 99. Let d = 265 - -84. What is the remainder when d is divided by u?
11
Calculate the remainder when 5352 is divided by 42/(-28) - (5/10)/(3/(-519)).
82
Suppose 10*l + 5*m = 11*l - 515, 0 = -5*l - 4*m + 2575. What is the remainder when l is divided by 3?
2
Let p be 28/42 + (-11)/3. Let r = 41 - 10. What is the remainder when ((-357)/(-6) - p/(-6)) + 2 is divided by r?
30
Let y = -14543 + 14692. Calculate the remainder when 27861 is divided by y.
147
Let z(x) = -x**3 - 19*x**2 - 278*x - 5. Calculate the remainder when z(-9) is divided by 89.
85
Suppose 59 = 66*i - 2251. Let d = 126 - 66. Suppose -5*x = -10*x - 5*y + d, 5*y = 10. Calculate the remainder when i is divided by x.
5
Suppose -4*v = -122 - 137 + 211. What is the remainder when 415 is divided by v?
7
Suppose -35 = -7*q + 84. Suppose -3*k + 4*k + 2*d - 117 = 0, 0 = -k - d + 112. Calculate the remainder when k is divided by q.
5
Calculate the remainder when 617 is divided by (-9)/(8/(584/(-9))).
33
Let r(a) = 3*a**2 - 17*a - 127. Calculate the remainder when r(21) is divided by 121.
113
Let u = 91 + -22. Let n = u + -63. Suppose n*o = 460 + 314. Calculate the remainder when o is divided by 22.
19
Let v(q) = 1198*q**2 + q. Let g be v(-1). Let r be g/(-91) + (-2)/(-13). Let p = r - -46. Calculate the remainder when 65 is divided by p.
32
Let s = 1472 - 1469. Calculate the remainder when 2431 is divided by s.
1
Let q = 312 - 303. Let b = 113 - 77. Calculate the remainder when (q/(-3) - -107) + 1 is divided by b.
33
Suppose -50*m = -11*m - 2067. Let h = -21 + 48. What is the remainder when m is divided by h?
26
Let i(t) = -4*t**3 + 5*t**2 - 8*t - 2. Let a be i(4). Let d = -143 - a. Calculate the remainder when d is divided by 35.
32
Suppose 109*f = -2*o + 104*f - 12, -3*f - 24 = -3*o. What is the remainder when 6 is divided by o?
2
Suppose 3*y = -3*q, 2*q + 0*q - 2*y = 28. Calculate the remainder when 140 is divided by q.
0
Suppose 0 = h + h - m - 23, 4*h - 37 = -m. Let d = -176 - -148. Calculate the remainder when d/(-35) - 141/(-5) is divided by h.
9
Let j(g) = 47*g - 5278. Calculate the remainder when j(126) is divided by 200.
44
What is the remainder when (4944/60)/((-15)/(-60) + (-74)/360) is divided by 31?
25
Suppose -300*p = -293*p - 10458. Suppose -42*c + 51*c - p = 0. Calculate the remainder when c is divided by 56.
54
Let g = 106 + -107. Let t(h) = -20*h**3 - h**2 + 3*h + 2. What is the remainder when 62 is divided by t(g)?
8
Suppose -2*l + 2*x + 559 = 185, 5*l = -2*x + 970. Let n = 274 - l. What is the remainder when n is divided by 17?
14
Suppose -6*m = -53*m + 1833. What is the remainder when 103 is divided by m?
25
Let d(z) = 2*z**3 + 27*z**2 - 177*z - 5. Calculate the remainder when 2166 is divided by d(5).
31
Let i = 170 + -664. Let g = -347 - i. Suppose w + 5*d = 52, -26 = -w + 2*d + 5. What is the remainder when g is divided by w?
36
Let q = 39975 - 39683. Suppose -m - 65 = -4*l + 235, 0 = 4*m. What is the remainder when q is divided by l?
67
Suppose -13*f - 18 + 83 = 0. Suppose p = f*j - 74, j + 11*p + 6 = 6*p. Calculate the remainder when 207 is divided by j.
11
Suppose -4*g - 4*x = -284, 325 = 5*g - 5*x - 60. Suppose 85*t - 231 = g*t. What is the remainder when 80 is divided by t?
17
Suppose 2*q = -g + 1, 2*q = -16*g + 17*g - 1. Calculate the remainder when 318 is divided by g.
0
Let m(y) = 135*y + 6226. Calculate the remainder when 1229 is divided by m(-46).
13
Let w be ((125/(-2))/(-25))/((-1)/(-14)). Suppose -w*v = -17*v - 54. Calculate the remainder when 49 is divided by v.
1
Let p = 30035 + -29796. What is the remainder when 1664 is divided by p?
230
Let z = -5608 + 5932. Calculate the remainder when z is divided by 15.
9
Suppose -34740 = 35*l - 265. Let v = l + 1083. Calculate the remainder when v is divided by 8.
2
Let z = -3072 + 3090. Calculate the remainder when 266 is divided by z.
14
Let g = 30978 - 30960. Let h = 3 + -1. Calculate the remainder when g is divided by h.
0
Let b(n) = -3*n**2 + 101*n - 23. What is the remainder when b(31) is divided by 77?
71
Suppose -471*d + 150 = -476*d. What is the remainder when (-84)/8*40/d is divided by -2 - (-2 + (-1 - 4))?
4
Suppose -57*t = -49*t - 96. Suppose 0*m + 5*d = 2*m - 218, -3*d = t. Calculate the remainder when m is divided by 28.
15
Suppose -p - 3*p + 56 = 0. Calculate the remainder when 4/(-3)*60/(-32)*(-1410)/(-75) is divided by p.
5
Suppose -5*h - 3*n + 16 = 0, n + 3*n = 2*h - 22. Suppose 5*d + h = 0, 3*d - 2 + 15 = -5*w. What is the remainder when 25 is divided by w/(2/(-11)) + -15 + 18?
11
Let s be (-1)/((-662)/166 - -4). Let z = s + 122. Let x = -15 + z. Calculate the remainder when 71 is divided by x.
23
Let v be 5 - -39 - -1*2/2. What is the remainder when (v + -30)*34/5 is divided by 27?
21
Suppose 6*k = -9*k + 38235. Suppose i - k + 2501 = 0. Calculate the remainder when i is divided by ((-3)/4)/((-1)/24).
12
Suppose -14*n - 520 = -24*n. Let w = n + -24. What is the remainder when w is divided by 6?
4
Suppose 117 = 5*u + 5*w - 168, -5*u = w - 297. What is the remainder when 632 is divided by u?
32
Let p = -254 - -257. What is the remainder when 137 is divided by 2 + -8 + p - -51?
41
Let n(u) = -3*u**2 - 45*u - 71. What is the remainder when 851 is divided by n(-11)?
58
Suppose 5*u = -2*r - 17, 0*r - 4*u = r + 1. Let x = -6707 - -6708. Calculate the remainder when 39*x*(-35)/r is divided by 19.
8
Let r(o) = o**3 + 33*o**2 - 2*o - 66. Let g be r(-33). Suppose -5*d - 4*k + 66 = g, -3*d - 2*d + 62 = 3*k. Calculate the remainder when 18 is divided by d.
8
Let v(t) = t**3 + t**2 + t + 35. Let s = -15 + 21. Suppose -d + 3*d = -s*d. Calculate the remainder when 104 is divided by v(d).
34
Let t(r) = 2*r**3 - 39*r**2 - 60*r - 49. What is the remainder when 2225 is divided by t(21)?
13
Suppose -z - 90 = 2*z + 3*u, -u + 24 = -z. Suppose -5*b - 5 = -5*g, 13*b - g = 14*b - 11. Let w = b - z. What is the remainder when w is divided by 7?
4
Suppose 2*a + 0*a = -y + 13, -2 = y - a. Suppose -3*x = -y*o + 165, 2*o - 105 = -0*x + 3*x. Calculate the remainder when o is divided by 21.
18
Suppose 54*i - 16479 = -8*i + 2121. Calculate the remainder when i is divided by 117.
66
Suppose -227988 = -110*b + 73742. Calculate the remainder when b is divided by 79.
57
Let v be (-1)/(6/348*(-2)/(-3)). Let s = 89 + v. Let q(h) = h**3 - 8*h**2 + 2*h + 44. Calculate the remainder when q(7) is divided by s.
1
Let q(t) = t**3 - 177*t**2 - 29*t + 5194. Calculate the remainder when 160 is divided by q(177).
38
Let s = 39 - 45. Let w(r) = r**2 + 8*r + 22. Let c be w(s). Suppose -2*j + 19 = 5*b, -3*b = 4*j - c - 7. Calculate the remainder when 13 is divided by b.
1
Suppose 83*b - 132 = 117. Let h(p) = -p**2 + 16*p + 8. What is the remainder when h(16) is divided by b?
2
Suppose 5*x - 215 = -0*x. Suppose -i + 32 = -4*q, 4*i + 30 = 4*q + 110. Calculate the remainder when x is divided by -6 + i + 0 - 1.
7
Suppose 33 = 10*g + 413. Let p(b) = -2*b**2 + 9*b - 6. Let w be p(6). Let t = w - g. What is the remainder when 95 is divided by t?
11
Let f be 1/(-3 - (-152)/44)*10. Calculate the remainder when 108 is divided by f - (0/3 - 0).
20
Let g = -19 - -18. Let c be 63 + (2 - g)*1. Let j = 116 - c. Calculate the remainder when 247 is divided by j.
47
Let i(z) = -z**3 + 42*z**2 + 46*z - 49. Let u be i(43). Suppose -28*k + u = -23*k. Let n = -7 - -37. What is the remainder when n is divided by k?
14
Suppose 5*i + 8*s = 6*s + 808, 5*s = 5*i - 815. What is the remainder when 498 is divided by i?
12
Let w(d) = -57*d + 1630. Calculate the remainder when w(11) is divided by 246.
19
Suppose f + 19 = 2*u, 0 = -u - f + 87 - 79. What is the remainder when 849 is divid